{"id":3881,"date":"2015-05-04T11:30:20","date_gmt":"2015-05-04T11:30:20","guid":{"rendered":"https:\/\/ww2.fjeldskaar.com\/?page_id=2"},"modified":"2023-02-22T15:17:30","modified_gmt":"2023-02-22T14:17:30","slug":"sample-page","status":"publish","type":"page","link":"https:\/\/www.andersen-slekt.info\/en\/","title":{"rendered":"Introduction"},"content":{"rendered":"<p style=\"text-align: center;\"><span style=\"color: #f7efd0;\">.<\/span><\/p>\n<p style=\"text-align: center;\"><strong><span style=\"color: #806239; font-size: 30pt; font-family: 'Great Vibes';\">Introduction<\/span><\/strong><\/p>\n<p>&nbsp;<\/p>\n<p><span style=\"font-family: 'book antiqua', palatino; color: #806239; font-size: 13pt;\">This is a web site dedicated to the families of <strong><a style=\"color: #806239;\" href=\"http:\/\/www.andersen-slekt.info\/en\/andersen\/matthias\/rudolph\/anna-og-eilif\/\">Anna (b. Thorsen) and Eilif Andersen<\/a><\/strong>, who were both born in Larvik. Most of the information provided comes from the book, Slekten Andersen Larvik, published by their son Hans Andersen in 1986, which is available <strong><a style=\"color: #806239;\" href=\"https:\/\/www.nb.no\/items\/URN:NBN:no-nb_digibok_2011062805029\">here<\/a>. <\/strong>This information has been organized and supplied with additional information, documents and photos by their grandson Willy Fjeldskaar. in collaboration with other grandchildren of Anna and Eilif.\u00a0<\/span><\/p>\n<p style=\"text-align: center;\"><a href=\"https:\/\/www.andersen-slekt.info\/wp-content\/uploads\/2021\/05\/anna_ny.png\"><img loading=\"lazy\" decoding=\"async\" class=\"alignnone wp-image-9467\" src=\"https:\/\/www.andersen-slekt.info\/wp-content\/uploads\/2021\/05\/anna_ny-210x300.png\" alt=\"\" width=\"140\" height=\"200\" srcset=\"https:\/\/www.andersen-slekt.info\/wp-content\/uploads\/2021\/05\/anna_ny-210x300.png 210w, https:\/\/www.andersen-slekt.info\/wp-content\/uploads\/2021\/05\/anna_ny-716x1024.png 716w, https:\/\/www.andersen-slekt.info\/wp-content\/uploads\/2021\/05\/anna_ny-768x1098.png 768w, https:\/\/www.andersen-slekt.info\/wp-content\/uploads\/2021\/05\/anna_ny-1075x1536.png 1075w, https:\/\/www.andersen-slekt.info\/wp-content\/uploads\/2021\/05\/anna_ny-1433x2048.png 1433w, https:\/\/www.andersen-slekt.info\/wp-content\/uploads\/2021\/05\/anna_ny.png 1619w\" sizes=\"auto, (max-width: 140px) 100vw, 140px\" \/><\/a> <a href=\"https:\/\/www.andersen-slekt.info\/wp-content\/uploads\/2021\/05\/eilif_ny.png\"><img loading=\"lazy\" decoding=\"async\" class=\"alignnone wp-image-9468\" src=\"https:\/\/www.andersen-slekt.info\/wp-content\/uploads\/2021\/05\/eilif_ny-217x300.png\" alt=\"\" width=\"144\" height=\"200\" srcset=\"https:\/\/www.andersen-slekt.info\/wp-content\/uploads\/2021\/05\/eilif_ny-217x300.png 217w, https:\/\/www.andersen-slekt.info\/wp-content\/uploads\/2021\/05\/eilif_ny-739x1024.png 739w, https:\/\/www.andersen-slekt.info\/wp-content\/uploads\/2021\/05\/eilif_ny-768x1064.png 768w, https:\/\/www.andersen-slekt.info\/wp-content\/uploads\/2021\/05\/eilif_ny-1109x1536.png 1109w, https:\/\/www.andersen-slekt.info\/wp-content\/uploads\/2021\/05\/eilif_ny-1478x2048.png 1478w, https:\/\/www.andersen-slekt.info\/wp-content\/uploads\/2021\/05\/eilif_ny.png 1637w\" sizes=\"auto, (max-width: 144px) 100vw, 144px\" \/><\/a><\/p>\n<p>&nbsp;<\/p>\n<p><span style=\"color: #806239; font-family: 'book antiqua', palatino; font-size: 13pt;\">Although records have been found for the families of Anna and Eilif going back to the late 1600\u2019s (please see the charts below) this website starts with the Anderson side, from Pernille Thorsdatter (b.1829) from Ringsaker, Norway and Mathias Andersen (b.1823) from Erlandsrod near Stromstad, Sweden.\n\nAnna\u2019s family, the Thorsens, per the parameters of this site starts with Helene Olsdatter and Erik Pettersen from Fredrikstad, Norway. They were also of the same generation. Their daughter, Gusta Marie married Hans Jorgen Thorsen. Anna and Eilif\u2019s grandchildren have a fascination with this woman. Her husband was a sea captain and he was lost at sea when they had three small children. Of course, there was no life insurance at that time, but there was a social services office. Gusta went to the office and asked for assistance, probably not a very comfortable situation to be in for the wife of a captain, but she was denied. She took up sewing and took care of her family. When she turned 65 she was notified she was entitled to social security. She sent back word, that if they couldn\u2019t help her when she really needed it, they could \u2018now\u2019 keep their funds. A strong lady.\u00a0<\/span><\/p>\n<p><span style=\"color: #806239; font-size: 13pt; font-family: 'book antiqua', palatino;\">Like viktig som navn og \u00e5rstall, har det v\u00e6rt \u00e5 tenke p\u00e5 at det bak hvert enkelt navn skjuler seg et menneskeliv med gleder og sorger, slit og hverdags-opplevelser. Vi har derfor ogs\u00e5 \u00f8nsket \u00e5 bli kjent med deres hverdag s\u00e5 langt det lar seg gj\u00f8re: hvor og hvordan de bodde, eventuelt emigrerte, hvem de var gift med, hvor mange barn de hadde, hvilket yrke de hadde, og sette dette i en historisk sammenheng. Anna og Eilif ble f\u00f8dt i hhv 1886 og 1887, f\u00e5 \u00e5r etter innf\u00f8ringen av parlamentarisk styresett i Norge. \u00c5ret 1884 blir regnet som et omdreiningspunkt i norsk historie. Da ble Stortinget, og ikke kongen, det viktigste politiske maktsentrumet i landet. I kj\u00f8lvannet av denne utviklingen kom etableringen av de f\u00f8rste norske politiske partiene. I tillegg til lokale\/regionale omstendigheter, opplevde Anna og Eilif flere verdensomspennende kriser, bl. a. to verdenskriger, en influensapandemi og en \u00f8konomisk depresjon, som ogs\u00e5 p\u00e5virket deres levnetsl\u00f8p, i st\u00f8rre eller mindre grad.<\/span><\/p>\n<p><strong>Larvik\u00a0 <a href=\"https:\/\/www.andersen-slekt.info\/en\/anna-og-eilif\/larvik\/\"><img loading=\"lazy\" decoding=\"async\" class=\"alignnone wp-image-10018\" src=\"https:\/\/www.andersen-slekt.info\/wp-content\/uploads\/2022\/12\/kommunev.png\" alt=\"\" width=\"50\" height=\"53\" srcset=\"https:\/\/www.andersen-slekt.info\/wp-content\/uploads\/2022\/12\/kommunev.png 123w, https:\/\/www.andersen-slekt.info\/wp-content\/uploads\/2022\/12\/kommunev-11x12.png 11w\" sizes=\"auto, (max-width: 50px) 100vw, 50px\" \/><\/a><\/strong><\/p>\n<p><span style=\"color: #806239; font-size: 13pt; font-family: 'book antiqua', palatino;\">Larvik var p\u00e5 denne tiden Norges 8. st\u00f8rste by. Men den \u00f8konomisk framgangen i de p\u00e5f\u00f8lgende \u00e5rene f\u00f8rte til nedgang i folketallet innenfor byens trange grenser. Havneutbygging og jernbaneforbindelse i 1880-\u00e5rene til Oslo og Skien virket stimulerende p\u00e5 byens n\u00e6ringsliv, og etter stagnasjonsperioden fikk byen en ny og allsidig industrivekst. Det ble i denne perioden startet en rekke industribedrifter, men f\u00f8rst p\u00e5 begynnelsen av 1900-tallet var det p\u00e5tagelig \u00f8kning i industrien som f\u00f8lge av vekst i skipsfart og fangst. Se mer om Larvik <a href=\"https:\/\/www.andersen-slekt.info\/en\/anna-og-eilif\/larvik\/\"><span style=\"font-size: 14pt;\"><strong>here<\/strong><\/span><\/a>.\u00a0<\/span><\/p>\n<p><span style=\"color: #f7efd0;\">.<\/span><\/p>\n<p style=\"text-align: center;\"><span style=\"color: #f7efd0;\">\u00a0 <a href=\"https:\/\/www.andersen-slekt.info\/wp-content\/uploads\/2021\/02\/output-onlinepngtools-2021-02-06T151704.151.png\"><img loading=\"lazy\" decoding=\"async\" class=\"alignnone wp-image-9258 size-medium\" src=\"https:\/\/www.andersen-slekt.info\/wp-content\/uploads\/2021\/02\/output-onlinepngtools-2021-02-06T151704.151-300x200.png\" alt=\"\" width=\"300\" height=\"200\" srcset=\"https:\/\/www.andersen-slekt.info\/wp-content\/uploads\/2021\/02\/output-onlinepngtools-2021-02-06T151704.151-300x200.png 300w, https:\/\/www.andersen-slekt.info\/wp-content\/uploads\/2021\/02\/output-onlinepngtools-2021-02-06T151704.151-1024x682.png 1024w, https:\/\/www.andersen-slekt.info\/wp-content\/uploads\/2021\/02\/output-onlinepngtools-2021-02-06T151704.151-768x511.png 768w, https:\/\/www.andersen-slekt.info\/wp-content\/uploads\/2021\/02\/output-onlinepngtools-2021-02-06T151704.151-1536x1023.png 1536w, https:\/\/www.andersen-slekt.info\/wp-content\/uploads\/2021\/02\/output-onlinepngtools-2021-02-06T151704.151-2048x1364.png 2048w\" sizes=\"auto, (max-width: 300px) 100vw, 300px\" \/><\/a><a href=\"http:\/\/www.andersen-slekt.info\/wp-content\/uploads\/2021\/01\/annaschart8.png\">\u00a0<\/a><a href=\"https:\/\/www.andersen-slekt.info\/wp-content\/uploads\/2021\/01\/annaschart8.png\"><img loading=\"lazy\" decoding=\"async\" class=\"alignnone wp-image-7980\" src=\"http:\/\/www.andersen-slekt.info\/wp-content\/uploads\/2021\/01\/annaschart8-300x199.png\" alt=\"\" width=\"301\" height=\"200\" srcset=\"https:\/\/www.andersen-slekt.info\/wp-content\/uploads\/2021\/01\/annaschart8-300x199.png 300w, https:\/\/www.andersen-slekt.info\/wp-content\/uploads\/2021\/01\/annaschart8-1024x680.png 1024w, https:\/\/www.andersen-slekt.info\/wp-content\/uploads\/2021\/01\/annaschart8-768x510.png 768w, https:\/\/www.andersen-slekt.info\/wp-content\/uploads\/2021\/01\/annaschart8-1536x1020.png 1536w, https:\/\/www.andersen-slekt.info\/wp-content\/uploads\/2021\/01\/annaschart8-2048x1360.png 2048w\" sizes=\"auto, (max-width: 301px) 100vw, 301px\" \/><\/a><\/span><\/p>\n<p style=\"text-align: center;\"><span style=\"font-family: 'book antiqua', palatino; font-size: 13pt; color: #806239;\">Ancestors of Anna and Eilif (click to see higher resolution); design by FamilySearch.<\/span><\/p>\n<p style=\"text-align: center;\"><span style=\"color: #806239;\">.<\/span><\/p>\n<p style=\"text-align: center;\"><span style=\"color: #806239; font-family: 'book antiqua', palatino; font-size: 13pt;\"><strong>Use the links below to follow the families of Anna og Eilif in text and photos<\/strong><\/span><\/p>\n<p style=\"text-align: center;\"><span style=\"color: #f7efd0;\"><strong>.\u00a0<\/strong><\/span><\/p>\n<h2 style=\"text-align: center;\"><span style=\"color: #806239;\"><strong><span style=\"font-size: 28pt;\"><a style=\"color: #806239;\" href=\"http:\/\/www.andersen-slekt.info\/en\/slektene-andersen-thorsen\/andersen\/\"><span style=\"font-family: 'Great Vibes';\">Andersen<\/span><\/a><span style=\"font-family: 'Great Vibes';\">\u00a0 \u00a0 \u00a0 \u00a0 \u00a0 \u00a0 \u00a0 \u00a0 \u00a0 \u00a0 \u00a0 \u00a0 <a style=\"color: #806239;\" href=\"http:\/\/www.andersen-slekt.info\/en\/slektene-andersen-thorsen\/andersen\/thorsen\/\">Thorsen<\/a>\u00a0\u00a0<\/span><\/span><\/strong><\/span><\/h2>\n<p><span style=\"color: #f7efd0;\">.<\/span><\/p>\n<p>&nbsp;<\/p>\n<p style=\"text-align: center;\"><span style=\"color: #808080;\"><span style=\"color: #ccc6c6;\">Web site established 30.12.2020<\/span><br \/>\n<strong><span style=\"font-size: 13pt;\">Siste oppdatering 17.01.2023<\/span><\/strong><\/span><\/p>\n<p style=\"text-align: center;\">Mer informasjon her:<\/p>\n<p style=\"text-align: center;\"><span style=\"color: #993300; font-size: 14pt;\"><strong><a style=\"color: #993300;\" href=\"https:\/\/ww2.fjeldskaar.com\"><span style=\"color: #333300;\">ww2.fjeldskaar.com<\/span><\/a><\/strong><\/span><\/p>\n<p><a href=\"https:\/\/www.andersen-slekt.info\/wp-content\/uploads\/2022\/11\/ting.png\"><img loading=\"lazy\" decoding=\"async\" class=\"aligncenter wp-image-9840\" src=\"https:\/\/www.andersen-slekt.info\/wp-content\/uploads\/2022\/11\/ting-240x300.png\" alt=\"\" width=\"170\" height=\"213\" srcset=\"https:\/\/www.andersen-slekt.info\/wp-content\/uploads\/2022\/11\/ting-240x300.png 240w, https:\/\/www.andersen-slekt.info\/wp-content\/uploads\/2022\/11\/ting-819x1024.png 819w, https:\/\/www.andersen-slekt.info\/wp-content\/uploads\/2022\/11\/ting-768x960.png 768w, https:\/\/www.andersen-slekt.info\/wp-content\/uploads\/2022\/11\/ting-1228x1536.png 1228w, https:\/\/www.andersen-slekt.info\/wp-content\/uploads\/2022\/11\/ting-1638x2048.png 1638w, https:\/\/www.andersen-slekt.info\/wp-content\/uploads\/2022\/11\/ting-10x12.png 10w\" sizes=\"auto, (max-width: 170px) 100vw, 170px\" \/><\/a><\/p>\n<p style=\"text-align: center;\"><strong><em><span style=\"color: #999999;\">Noen av Eilifs bruksgjenstander<\/span><\/em><\/strong><\/p>\n<p><span style=\"color: #f7efd0; font-size: 12pt;\">.<\/span><\/p>\n<div class=\"pdfprnt-buttons pdfprnt-buttons-page pdfprnt-bottom-right\"><a href=\"https:\/\/www.andersen-slekt.info\/en\/wp-json\/wp\/v2\/pages\/3881?print=print\" class=\"pdfprnt-button pdfprnt-button-print\" target=\"_blank\"><img decoding=\"async\" src=\"https:\/\/www.andersen-slekt.info\/wp-content\/plugins\/pdf-print\/images\/print.png\" alt=\"image_print\" title=\"Print Content\" \/><span class=\"pdfprnt-button-title pdfprnt-button-print-title\">print<\/span><\/a><\/div>","protected":false},"excerpt":{"rendered":"<p>. Innledning &nbsp; Dette er et nettsted med fokus p\u00e5 slektene til Anna (f. Thorsen) og Eilif Andersen, som begge var f\u00f8dt i Larvik. Det meste av slektsinformasjonen kommer fra Anna og Eilifs s\u00f8nn Hans Andersen og utgitt i boken &laquo;Slekten Andersen Larvik&raquo; (1986), som er \u00e5 finne her. Denne informasjonen er organisert og supplert [&hellip;]<\/p>","protected":false},"author":1,"featured_media":0,"parent":0,"menu_order":0,"comment_status":"closed","ping_status":"closed","template":"","meta":{"footnotes":""},"class_list":["post-3881","page","type-page","status-publish","hentry"],"_links":{"self":[{"href":"https:\/\/www.andersen-slekt.info\/en\/wp-json\/wp\/v2\/pages\/3881","targetHints":{"allow":["GET"]}}],"collection":[{"href":"https:\/\/www.andersen-slekt.info\/en\/wp-json\/wp\/v2\/pages"}],"about":[{"href":"https:\/\/www.andersen-slekt.info\/en\/wp-json\/wp\/v2\/types\/page"}],"author":[{"embeddable":true,"href":"https:\/\/www.andersen-slekt.info\/en\/wp-json\/wp\/v2\/users\/1"}],"replies":[{"embeddable":true,"href":"https:\/\/www.andersen-slekt.info\/en\/wp-json\/wp\/v2\/comments?post=3881"}],"version-history":[{"count":186,"href":"https:\/\/www.andersen-slekt.info\/en\/wp-json\/wp\/v2\/pages\/3881\/revisions"}],"predecessor-version":[{"id":10234,"href":"https:\/\/www.andersen-slekt.info\/en\/wp-json\/wp\/v2\/pages\/3881\/revisions\/10234"}],"wp:attachment":[{"href":"https:\/\/www.andersen-slekt.info\/en\/wp-json\/wp\/v2\/media?parent=3881"}],"curies":[{"name":"wp","href":"https:\/\/api.w.org\/{rel}","templated":true}]}}

<p style="text-align: center;"><span style="color: #f7efd0;">.</span></p>
<p style="text-align: center;"><strong><span style="color: #806239; font-size: 30pt; font-family: 'Great Vibes';">Introduction</span></strong></p>
<p>&nbsp;</p>
<p><span style="font-family: 'book antiqua', palatino; color: #806239; font-size: 13pt;">This is a web site dedicated to the families of <strong><a style="color: #806239;" href="http://www.andersen-slekt.info/en/andersen/matthias/rudolph/anna-og-eilif/">Anna (b. Thorsen) and Eilif Andersen</a></strong>, who were both born in Larvik. Most of the information provided comes from the book, Slekten Andersen Larvik, published by their son Hans Andersen in 1986, which is available <strong><a style="color: #806239;" href="https://www.nb.no/items/URN:NBN:no-nb_digibok_2011062805029">here</a>. </strong>This information has been organized and supplied with additional information, documents and photos by their grandson Willy Fjeldskaar. in collaboration with other grandchildren of Anna and Eilif. </span></p>
<p style="text-align: center;"><a href="https://www.andersen-slekt.info/wp-content/uploads/2021/05/anna_ny.png"><img loading="lazy" decoding="async" class="alignnone wp-image-9467" src="https://www.andersen-slekt.info/wp-content/uploads/2021/05/anna_ny-210x300.png" alt="" width="140" height="200" srcset="https://www.andersen-slekt.info/wp-content/uploads/2021/05/anna_ny-210x300.png 210w, https://www.andersen-slekt.info/wp-content/uploads/2021/05/anna_ny-716x1024.png 716w, https://www.andersen-slekt.info/wp-content/uploads/2021/05/anna_ny-768x1098.png 768w, https://www.andersen-slekt.info/wp-content/uploads/2021/05/anna_ny-1075x1536.png 1075w, https://www.andersen-slekt.info/wp-content/uploads/2021/05/anna_ny-1433x2048.png 1433w, https://www.andersen-slekt.info/wp-content/uploads/2021/05/anna_ny.png 1619w" sizes="auto, (max-width: 140px) 100vw, 140px" /></a> <a href="https://www.andersen-slekt.info/wp-content/uploads/2021/05/eilif_ny.png"><img loading="lazy" decoding="async" class="alignnone wp-image-9468" src="https://www.andersen-slekt.info/wp-content/uploads/2021/05/eilif_ny-217x300.png" alt="" width="144" height="200" srcset="https://www.andersen-slekt.info/wp-content/uploads/2021/05/eilif_ny-217x300.png 217w, https://www.andersen-slekt.info/wp-content/uploads/2021/05/eilif_ny-739x1024.png 739w, https://www.andersen-slekt.info/wp-content/uploads/2021/05/eilif_ny-768x1064.png 768w, https://www.andersen-slekt.info/wp-content/uploads/2021/05/eilif_ny-1109x1536.png 1109w, https://www.andersen-slekt.info/wp-content/uploads/2021/05/eilif_ny-1478x2048.png 1478w, https://www.andersen-slekt.info/wp-content/uploads/2021/05/eilif_ny.png 1637w" sizes="auto, (max-width: 144px) 100vw, 144px" /></a></p>
<p>&nbsp;</p>
<p><span style="color: #806239; font-family: 'book antiqua', palatino; font-size: 13pt;">Although records have been found for the families of Anna and Eilif going back to the late 1600’s (please see the charts below) this website starts with the Anderson side, from Pernille Thorsdatter (b.1829) from Ringsaker, Norway and Mathias Andersen (b.1823) from Erlandsrod near Stromstad, Sweden.

Anna’s family, the Thorsens, per the parameters of this site starts with Helene Olsdatter and Erik Pettersen from Fredrikstad, Norway. They were also of the same generation. Their daughter, Gusta Marie married Hans Jorgen Thorsen. Anna and Eilif’s grandchildren have a fascination with this woman. Her husband was a sea captain and he was lost at sea when they had three small children. Of course, there was no life insurance at that time, but there was a social services office. Gusta went to the office and asked for assistance, probably not a very comfortable situation to be in for the wife of a captain, but she was denied. She took up sewing and took care of her family. When she turned 65 she was notified she was entitled to social security. She sent back word, that if they couldn’t help her when she really needed it, they could ‘now’ keep their funds. A strong lady. </span></p>
<p><span style="color: #806239; font-size: 13pt; font-family: 'book antiqua', palatino;">Like viktig som navn og årstall, har det vært å tenke på at det bak hvert enkelt navn skjuler seg et menneskeliv med gleder og sorger, slit og hverdags-opplevelser. Vi har derfor også ønsket å bli kjent med deres hverdag så langt det lar seg gjøre: hvor og hvordan de bodde, eventuelt emigrerte, hvem de var gift med, hvor mange barn de hadde, hvilket yrke de hadde, og sette dette i en historisk sammenheng. Anna og Eilif ble født i hhv 1886 og 1887, få år etter innføringen av parlamentarisk styresett i Norge. Året 1884 blir regnet som et omdreiningspunkt i norsk historie. Da ble Stortinget, og ikke kongen, det viktigste politiske maktsentrumet i landet. I kjølvannet av denne utviklingen kom etableringen av de første norske politiske partiene. I tillegg til lokale/regionale omstendigheter, opplevde Anna og Eilif flere verdensomspennende kriser, bl. a. to verdenskriger, en influensapandemi og en økonomisk depresjon, som også påvirket deres levnetsløp, i større eller mindre grad.</span></p>
<p><strong>Larvik  <a href="https://www.andersen-slekt.info/en/anna-og-eilif/larvik/"><img loading="lazy" decoding="async" class="alignnone wp-image-10018" src="https://www.andersen-slekt.info/wp-content/uploads/2022/12/kommunev.png" alt="" width="50" height="53" srcset="https://www.andersen-slekt.info/wp-content/uploads/2022/12/kommunev.png 123w, https://www.andersen-slekt.info/wp-content/uploads/2022/12/kommunev-11x12.png 11w" sizes="auto, (max-width: 50px) 100vw, 50px" /></a></strong></p>
<p><span style="color: #806239; font-size: 13pt; font-family: 'book antiqua', palatino;">Larvik var på denne tiden Norges 8. største by. Men den økonomisk framgangen i de påfølgende årene førte til nedgang i folketallet innenfor byens trange grenser. Havneutbygging og jernbaneforbindelse i 1880-årene til Oslo og Skien virket stimulerende på byens næringsliv, og etter stagnasjonsperioden fikk byen en ny og allsidig industrivekst. Det ble i denne perioden startet en rekke industribedrifter, men først på begynnelsen av 1900-tallet var det påtagelig økning i industrien som følge av vekst i skipsfart og fangst. Se mer om Larvik <a href="https://www.andersen-slekt.info/en/anna-og-eilif/larvik/"><span style="font-size: 14pt;"><strong>here</strong></span></a>. </span></p>
<p><span style="color: #f7efd0;">.</span></p>
<p style="text-align: center;"><span style="color: #f7efd0;">  <a href="https://www.andersen-slekt.info/wp-content/uploads/2021/02/output-onlinepngtools-2021-02-06T151704.151.png"><img loading="lazy" decoding="async" class="alignnone wp-image-9258 size-medium" src="https://www.andersen-slekt.info/wp-content/uploads/2021/02/output-onlinepngtools-2021-02-06T151704.151-300x200.png" alt="" width="300" height="200" srcset="https://www.andersen-slekt.info/wp-content/uploads/2021/02/output-onlinepngtools-2021-02-06T151704.151-300x200.png 300w, https://www.andersen-slekt.info/wp-content/uploads/2021/02/output-onlinepngtools-2021-02-06T151704.151-1024x682.png 1024w, https://www.andersen-slekt.info/wp-content/uploads/2021/02/output-onlinepngtools-2021-02-06T151704.151-768x511.png 768w, https://www.andersen-slekt.info/wp-content/uploads/2021/02/output-onlinepngtools-2021-02-06T151704.151-1536x1023.png 1536w, https://www.andersen-slekt.info/wp-content/uploads/2021/02/output-onlinepngtools-2021-02-06T151704.151-2048x1364.png 2048w" sizes="auto, (max-width: 300px) 100vw, 300px" /></a><a href="http://www.andersen-slekt.info/wp-content/uploads/2021/01/annaschart8.png"> </a><a href="https://www.andersen-slekt.info/wp-content/uploads/2021/01/annaschart8.png"><img loading="lazy" decoding="async" class="alignnone wp-image-7980" src="http://www.andersen-slekt.info/wp-content/uploads/2021/01/annaschart8-300x199.png" alt="" width="301" height="200" srcset="https://www.andersen-slekt.info/wp-content/uploads/2021/01/annaschart8-300x199.png 300w, https://www.andersen-slekt.info/wp-content/uploads/2021/01/annaschart8-1024x680.png 1024w, https://www.andersen-slekt.info/wp-content/uploads/2021/01/annaschart8-768x510.png 768w, https://www.andersen-slekt.info/wp-content/uploads/2021/01/annaschart8-1536x1020.png 1536w, https://www.andersen-slekt.info/wp-content/uploads/2021/01/annaschart8-2048x1360.png 2048w" sizes="auto, (max-width: 301px) 100vw, 301px" /></a></span></p>
<p style="text-align: center;"><span style="font-family: 'book antiqua', palatino; font-size: 13pt; color: #806239;">Ancestors of Anna and Eilif (click to see higher resolution); design by FamilySearch.</span></p>
<p style="text-align: center;"><span style="color: #806239;">.</span></p>
<p style="text-align: center;"><span style="color: #806239; font-family: 'book antiqua', palatino; font-size: 13pt;"><strong>Use the links below to follow the families of Anna og Eilif in text and photos</strong></span></p>
<p style="text-align: center;"><span style="color: #f7efd0;"><strong>. </strong></span></p>
<h2 style="text-align: center;"><span style="color: #806239;"><strong><span style="font-size: 28pt;"><a style="color: #806239;" href="http://www.andersen-slekt.info/en/slektene-andersen-thorsen/andersen/"><span style="font-family: 'Great Vibes';">Andersen</span></a><span style="font-family: 'Great Vibes';">                        <a style="color: #806239;" href="http://www.andersen-slekt.info/en/slektene-andersen-thorsen/andersen/thorsen/">Thorsen</a>  </span></span></strong></span></h2>
<p><span style="color: #f7efd0;">.</span></p>
<p>&nbsp;</p>
<p style="text-align: center;"><span style="color: #808080;"><span style="color: #ccc6c6;">Web site established 30.12.2020</span><br />
<strong><span style="font-size: 13pt;">Siste oppdatering 17.01.2023</span></strong></span></p>
<p style="text-align: center;">Mer informasjon her:</p>
<p style="text-align: center;"><span style="color: #993300; font-size: 14pt;"><strong><a style="color: #993300;" href="https://ww2.fjeldskaar.com"><span style="color: #333300;">ww2.fjeldskaar.com</span></a></strong></span></p>
<p><a href="https://www.andersen-slekt.info/wp-content/uploads/2022/11/ting.png"><img loading="lazy" decoding="async" class="aligncenter wp-image-9840" src="https://www.andersen-slekt.info/wp-content/uploads/2022/11/ting-240x300.png" alt="" width="170" height="213" srcset="https://www.andersen-slekt.info/wp-content/uploads/2022/11/ting-240x300.png 240w, https://www.andersen-slekt.info/wp-content/uploads/2022/11/ting-819x1024.png 819w, https://www.andersen-slekt.info/wp-content/uploads/2022/11/ting-768x960.png 768w, https://www.andersen-slekt.info/wp-content/uploads/2022/11/ting-1228x1536.png 1228w, https://www.andersen-slekt.info/wp-content/uploads/2022/11/ting-1638x2048.png 1638w, https://www.andersen-slekt.info/wp-content/uploads/2022/11/ting-10x12.png 10w" sizes="auto, (max-width: 170px) 100vw, 170px" /></a></p>
<p style="text-align: center;"><strong><em><span style="color: #999999;">Noen av Eilifs bruksgjenstander</span></em></strong></p>
<p><span style="color: #f7efd0; font-size: 12pt;">.</span></p>
<div class="pdfprnt-buttons pdfprnt-buttons-page pdfprnt-bottom-right"><a href="https://www.andersen-slekt.info/en/wp-json/wp/v2/pages/3881?print=print" class="pdfprnt-button pdfprnt-button-print" target="_blank"><img decoding="async" src="https://www.andersen-slekt.info/wp-content/plugins/pdf-print/images/print.png" alt="image_print" title="Print Content" /><span class="pdfprnt-button-title pdfprnt-button-print-title">print</span></a></div>

<p>. Innledning &nbsp; Dette er et nettsted med fokus på slektene til Anna (f. Thorsen) og Eilif Andersen, som begge var født i Larvik. Det meste av slektsinformasjonen kommer fra Anna og Eilifs sønn Hans Andersen og utgitt i boken &laquo;Slekten Andersen Larvik&raquo; (1986), som er å finne her. Denne informasjonen er organisert og supplert [&hellip;]</p>
